 n**3 + 5*n**2 + 3*n + 1. What is j(-4)?
5
Let j(n) = n**3 - 19*n**2 - 3*n - 7. Give j(19).
-64
Let u(g) = 5*g - 174. What is u(36)?
6
Let d(w) = 2*w**3 + 8*w**2 - 38*w + 28. Determine d(-7).
0
Let f(y) = 2*y**2 - 7*y - 5. What is f(8)?
67
Let w(n) = n - 21. Calculate w(5).
-16
Let d(w) = -w**3 + 6*w**2 - 5*w - 4. Give d(5).
-4
Let k(i) = 2*i**2 + 6*i + 16. Calculate k(-8).
96
Let t(f) = -f**2 + 13*f + 16. Give t(15).
-14
Let d(b) = b**2 + 24*b + 19. Give d(-23).
-4
Let v(h) = -h**3 + 10*h**2 - 13*h - 11. Determine v(8).
13
Let a(x) = x**3 + 6*x**2 + 4*x - 5. Calculate a(-5).
0
Let f(l) = 8*l**3 - l**2 - 1. Determine f(1).
6
Let u(a) = -2*a**2 + 3*a + 17. Calculate u(3).
8
Let q(h) = 2*h + 2. Calculate q(1).
4
Let k(s) = s**3 - 11*s**2 - 12*s - 3. What is k(12)?
-3
Let o(f) = -f**2 - 7*f + 38. Give o(9).
-106
Let k(t) = 7*t. Give k(1).
7
Let h(g) = g**3 - 8*g**2 + 4*g - 9. Calculate h(4).
-57
Let q(v) = -v - 2. Give q(-5).
3
Let y(i) = i**2 + 13*i + 21. Calculate y(-12).
9
Let y(u) = u + 12. Give y(-10).
2
Let a(n) = -5*n**2 - 8*n - 2. Calculate a(-3).
-23
Let z(y) = -10*y - 12. Calculate z(-4).
28
Let n(v) = -5*v**3 - 10*v - 17. Give n(-2).
43
Let z(j) = -5*j + 32. What is z(9)?
-13
Let d(s) = -s**3 + 3*s**2 + s - 3. Determine d(2).
3
Let j(r) = -3*r - 9. Give j(-6).
9
Let f(o) = -o**3 - 5*o**2 + 6*o + 2. Give f(-5).
-28
Let o(w) = 10*w + 144. What is o(-15)?
-6
Let s(i) = -10*i - 74. Calculate s(-7).
-4
Let l(t) = -t**3 - 29*t**2 + 99*t + 91. Determine l(-32).
-5
Let a(i) = -i**3 - 5*i**2 - i - 9. Give a(-5).
-4
Let z(a) = 39*a + 94. Give z(-2).
16
Let f(c) = c**3 - 5*c**2 - 14*c - 6. Give f(7).
-6
Let s(c) = -14*c - 153. Calculate s(-11).
1
Let t(s) = s**3 - 32*s**2 + 61*s - 22. Calculate t(30).
8
Let j(b) = 28*b + 237. Give j(-9).
-15
Let q(r) = -r**2 - 12*r + 8. What is q(-6)?
44
Let g(k) = k + 9. Give g(-10).
-1
Let w(c) = c**2 + 3*c + 4. Give w(0).
4
Let j(b) = 6*b - 4. Give j(10).
56
Let d(j) = 4*j**3 - 4*j - 3. Give d(-2).
-27
Let u(b) = b**3 + 11*b**2 - 14*b - 17. What is u(-12)?
7
Let q(o) = o**2 + 35*o + 42. What is q(-33)?
-24
Let p(w) = -12*w**2 + 116*w + 21. What is p(10)?
-19
Let u(a) = a**2 - 4*a + 2. What is u(6)?
14
Let n(h) = 4*h**2 + 5*h + 10. Calculate n(5).
135
Let s(q) = q + 7. Give s(7).
14
Let w(r) = r**3 - 5*r**2 - 7*r + 14. Give w(6).
8
Let d(n) = -n - 11. Calculate d(-15).
4
Let q(m) = 2*m + 2. Give q(1).
4
Let v(q) = -q**2 - 19*q - 84. Calculate v(-13).
-6
Let q(d) = 4*d**2 - 66*d + 13. Give q(16).
-19
Let b(i) = 4*i + 8. Determine b(-5).
-12
Let x(f) = -2*f**2 - 16*f - 14. Determine x(-8).
-14
Let l(d) = -9*d - 2. Calculate l(0).
-2
Let i(u) = -10*u**2 + 48*u. What is i(6)?
-72
Let i(p) = -p**3 + 16*p**2 - 39*p + 15. What is i(13)?
15
Let p(y) = -y**2 - 5*y + 15. What is p(-9)?
-21
Let o(w) = -w**3 - 8*w**2 - 3. What is o(-8)?
-3
Let l(w) = -3*w**2 - 26*w + 53. Determine l(2).
-11
Let n(c) = -2*c**2 - 2*c + 14. Calculate n(3).
-10
Let j(c) = 2*c**2 + 8*c - 1. Give j(-7).
41
Let d(c) = 3*c**2 + 7*c - 2. What is d(-5)?
38
Let w(d) = d - 2. Give w(-2).
-4
Let j(f) = -5*f + 95. What is j(18)?
5
Let h(m) = m**3 + 2*m**2 - 12*m + 11. What is h(1)?
2
Let q(m) = -4*m**2 - 7*m + 1. What is q(-1)?
4
Let l(g) = g**2 - 2*g - 95. Give l(10).
-15
Let m(c) = -10*c - 74. Calculate m(-7).
-4
Let o(y) = y**2 - 19*y + 47. Calculate o(14).
-23
Let a(u) = -3*u**2 + 22*u - 9. Give a(7).
-2
Let j(p) = 9*p + 15. Determine j(-8).
-57
Let c(b) = -8*b + 72. Determine c(10).
-8
Let l(v) = -2*v**2 + 26*v + 18. Calculate l(14).
-10
Let p(l) = l**3 - 9*l**2 + 16*l - 1. Determine p(2).
3
Let d(y) = 4*y + 9. Calculate d(-5).
-11
Let n(r) = -r**3 + 12*r**2 + 12*r + 18. Determine n(13).
5
Let h(l) = -l**2 - 15*l - 1. Determine h(-9).
53
Let g(s) = s**3 + s + 5. What is g(0)?
5
Let v(m) = -5*m + 4. Calculate v(-1).
9
Let x(n) = n**2 + 16*n - 27. Give x(2).
9
Let h(n) = -22*n**3 - 4*n**2 - 4*n - 1. Calculate h(-1).
21
Let q(b) = 7*b - 2. Give q(-1).
-9
Let q(c) = -c**3 - c**2 - 2*c - 11. Determine q(-3).
13
Let h(b) = -b**2 - 8*b - 3. Calculate h(-3).
12
Let z(w) = w**2 + 5*w + 8. Calculate z(-6).
14
Let r(j) = -5*j**2 + 18*j + 118. What is r(7)?
-1
Let p(f) = f**3 - 11*f**2 - 8*f - 36. What is p(12)?
12
Let k(p) = -33*p + 30. What is k(4)?
-102
Let i(z) = z**3 - 2*z**2 + 4*z - 5. What is i(2)?
3
Let f(u) = u**2 - u - 26. Determine f(6).
4
Let p(w) = -w**2 + 2*w + 6. What is p(0)?
6
Let o(d) = -d**2 - 2*d. Determine o(5).
-35
Let o(b) = -b**3 - 6*b**2 - 9*b + 4. What is o(-6)?
58
Let y(d) = 10*d - 45. Determine y(6).
15
Let h(r) = r**2 + 15*r - 16. Calculate h(-20).
84
Let u(n) = -n**3 - 27*n**2 + 29*n + 27. Calculate u(-28).
-1
Let f(c) = -c**3 + 5*c**2 + c - 6. Calculate f(5).
-1
Let o(m) = -40*m**2 - 4*m - 1. Give o(-1).
-37
Let p(j) = 92*j + 578. Determine p(-6).
26
Let u(x) = -2*x + 6. Give u(2).
2
Let m(a) = a - 13. Calculate m(7).
-6
Let w(n) = 4*n**3 - 78*n**2 - 40*n + 4. What is w(20)?
4
Let w(z) = z**2 - 10*z - 53. Calculate w(12).
-29
Let f(x) = -11*x - 201. Determine f(-18).
-3
Let l(u) = 2*u**2 - 41*u - 5. Give l(22).
61
Let j(v) = v**3 - 9*v**2 - 7*v + 6. Calculate j(10).
36
Let b(c) = -2*c**3 - 81*c**2 - 39*c + 37. Calculate b(-40).
-3
Let x(v) = 45*v - 318. Calculate x(7).
-3
Let x(z) = -z**3 + 2*z - 1. Give x(2).
-5
Let u(c) = -c**3 - 29*c**2 - 26*c + 69. What is u(-28)?
13
Let i(d) = -d**3 - d**2 - 2*d. What is i(2)?
-16
Let y(n) = -10*n**3 - n**2 - 2*n + 3. What is y(1)?
-10
Let b(z) = -z - 11. Give b(-3).
-8
Let r(n) = n**3 + 21*n**2 + 23*n + 34. Give r(-20).
-26
Let d(b) = -b + 21. Determine d(-10).
31
Let k(t) = 5*t**2 - 2*t - 2. Determine k(-1).
5
Let x(s) = -3*s**2 - 22*s - 14. Determine x(-6).
10
Let f(v) = -v**3 + v**2 + 8*v - 19. Calculate f(0).
-19
Let w(n) = -2*n**3 + 11*n**2 + 9. Determine w(6).
-27
Let i(t) = -t**2 + 17*t - 30. Calculate i(15).
0
Let c(p) = 4*p - 137. Give c(29).
-21
Let u(o) = 2*o**2 + 5*o - 1. Determine u(-4).
11
Let u(b) = b - 8. Calculate u(5).
-3
Let z(r) = r**2 + 36*r - 348. What is z(-44)?
4
Let b(u) = -u**3 - 14*u**2 - 14*u. Determine b(-13).
13
Let u(i) = i**3 + 3*i**2 + 2*i + 13. Calculate u(0).
13
Let i(h) = h**3 + 15*h**2 + 15*h - 10. Determine i(-14).
-24
Let o(r) = 13*r - 18. Determine o(8).
86
Let v(w) = w**3 - 17*w**2 + 29*w + 19. Determine v(15).
4
Let g(k) = -k**2 + 14*k - 9. Give g(2).
15
Let p(w) = -4*w**2 + 47*w - 8. Give p(10).
62
Let x(g) = -11*g + 36. What is x(5)?
-19
Let f(q) = 66*q + 2. What is f(1)?
68
Let v(q) = -q**3 - 12*q**2 - 2*q - 9. Calculate v(-12).
15
Let q(d) = 12*d**3 + d**2 - 4. Give q(2).
96
Let c(y) = -66*y + 2. Calculate c(-1).
68
Let b(s) = s**3 + s**2 + s + 1. Give b(0).
1
Let c(a) = -40*a**3 - a**2. What is c(1)?
-41
Let c(w) = w - 18. What is c(19)?
1
Let b(t) = -t**2 + 21*t - 38. Give b(19).
0
Let n(b) = b**3 + 31*b**2 - 29*b + 100. Calculate n(-32).
4
Let c(o) = -13*o - 30. Give c(-2).
-4
Let z(q) = -4*q - 99. Determine z(-23).
-7
Let l(g) = -g**2 - g + 10. Determine l(0).
10
Let z(c) = 25*c**2 + 2*c + 1. Give z(-1).
24
Let r(m) = m**2 + 27*m + 38. Determine r(-25).
-12
Let u(w) = -w - 13. Calculate u(-11).
-2
Let j(f) = 3*f - 6. What is j(-2)?
-12
Let c(o) = -o**2 - 8*o + 2. What is c(-11)?
-31
Let r(s) = 9*s**2. Determine r(3).
81
Let i(u) = u**3 + 3*u**2 + 3*u + 2. Calculate i(-2).
0
Let g(f) = -f**3 - 9*f**2 + 11*f - 8. Give g(-10).
-18
Let h(l) = -l**3 - 3*l**2 + 12*l + 11. Determine h(-5).
1
Let y(x) = 2*x**2 + 3*x + 2. Determine y(-4).
22
Let k(o) = -o**2 + o + 17. Give k(0).
17
Let r(z) = 9*z + 21. What is r(-8)?
-51
Let f(v) = -v**2 + 9*v + 7. Give f(12).
-29
Let i(g) = 3*g - 2. What is i(4)?
10
Let l(r) = -r**3 - 7*r**2 - 6*r + 3. Calculate l(-5).
-17
Let h(x) = -x**3 + 2*x**2 - x + 4. Give h(2).
2
Let g(x) = -31*x**3 + 4*x**2 - x - 1. Determine g(1).
-29
Let f(a) = -a**3 + 7*a**2 + 9*a + 11. What is f(8)?
19
Let r(w) = -w**2 - 12*w + 46. Calculate r(5).
-39
Let b(w) = w**2 - 12*w - 3. What is b(12)?
-3
Let c(s) = 2*s**2 + 14*s + 9. What is c(-7)?
9
Let f(d) = -d - 14. Give f(-22).
8
Let j(x) = -2*x - 2. What is j(-4)?
6
Let g(x) = x**3 - 14*x**2 - 14*x - 7. Determine g(15).
8
Let d(u) = -6*u - 54. What is d(-9)?
0
Let y(u) = -74*u**3 + u**2 + u - 2. What is y(1)?
-74
Let g(n) = -6*n - 6. Calculate g(-4).
18
Let f(g) = 26*g + 205. Calculat